*g + 4*z + 32, 2*g - g - 5*z = 19. Let v = 0 - g. Let j be v/(-27) - 76/(-18). Calculate the highest common factor of j and 28.
4
Suppose -b = -6*b + 160. Suppose -7 = 11*s - 51. Calculate the highest common factor of s and b.
4
Let a(i) = 5*i**2 + 6*i + 1. Let l be a(7). Suppose -u = -5*r - 31, -5*r + 148 = 4*u - r. What is the greatest common divisor of u and l?
36
Let q = 37 - 6. Calculate the greatest common factor of 124 and q.
31
Let s be 1/(3*4/5700). Suppose 5*d - 5*q + 0*q - s = 0, -4*q + 380 = 4*d. Calculate the greatest common factor of 19 and d.
19
Let q be ((-3)/(-2)*2)/1. Let r be 0 + q + -2 + 90. Suppose 0 = -4*c - 2*f + 50, 6*f - 4*f = c - 15. Calculate the highest common factor of r and c.
13
Suppose 4*s + 25 - 89 = 0. What is the highest common divisor of s and 40?
8
Let b be ((-4)/(-6))/((-1)/(-30)). What is the highest common factor of 20 and b?
20
Let s(h) = 40*h**2 - 4*h + 2. Let v be s(2). Suppose 0*z - v = -2*z. Calculate the highest common divisor of z and 7.
7
Let f(r) = r**3 - 11*r**2 + 9*r + 19. Let x be f(10). What is the highest common divisor of x and 6?
3
Let n = 13 - 11. Suppose 0 = 7*q - n*q - 315. What is the highest common factor of q and 9?
9
Let j(v) = -32*v + 2. Let s be j(-1). What is the greatest common divisor of s and 17?
17
Let h(k) = 5*k - 9. Let v be h(4). Calculate the greatest common factor of 33 and v.
11
Suppose -2*t - 282 = -2*j - 4*t, -5*j - 2*t + 702 = 0. Calculate the highest common factor of 14 and j.
14
Suppose -4*c - i = -0*i - 376, -5*c = -i - 479. Calculate the greatest common divisor of 19 and c.
19
Let k(s) = -s**2 + 11*s + 5. Let r be k(5). What is the greatest common divisor of 280 and r?
35
Let i(o) = o - 2. Let v be i(3). Suppose 0 = 3*z - 31 - 17. Let f be (-1)/(((-4)/z)/1). What is the highest common divisor of f and v?
1
Let k(q) = -q**3 + 5*q + 4. Let y be k(-3). Suppose -4*z - 3*c = -124, 3*c = -c + y. What is the highest common divisor of 14 and z?
14
Let n(r) = -11*r**2 + 2*r - 1. Let j be n(1). Let z = 8 - j. Calculate the highest common divisor of z and 9.
9
Let j = 0 - -1. Let w(x) be the third derivative of x**5/60 + x**4/3 + 2*x**3/3 - x**2. Let q be w(-8). Calculate the highest common divisor of j and q.
1
Let y(x) = -x**2 - 11*x - 10. Let l be y(-8). Suppose -5*r + 200 = 2*f - 362, 3*r = 5*f + 331. Calculate the highest common factor of r and l.
14
Let d = -94 + 143. Let v(p) = 8*p**2 - 1. Let t be v(1). Calculate the greatest common factor of t and d.
7
Let x = -35 + 37. What is the greatest common divisor of 10 and x?
2
Let f be (-3 - 4/(-1))*3. Let m = 8 - 3. Let u = m + 10. Calculate the highest common divisor of u and f.
3
Let p(f) = f**2 - 9*f - 9. Let j(g) = 9*g**2 + g. Let o be j(1). Let k be p(o). What is the highest common factor of k and 1?
1
Let s = 1294 + -286. Let x be s/20 - 2/5. Calculate the greatest common divisor of 75 and x.
25
Let w(v) = v - 4*v**2 + 4*v + 2*v**3 - 2*v. Let t be w(3). Calculate the greatest common factor of 3 and t.
3
Let s be -17*1*-2*1/2. Calculate the highest common divisor of 187 and s.
17
Let u be 214/6 + (-5)/(-15). Calculate the greatest common factor of u and 90.
18
Suppose 0 = -5*d + 30 - 0. Let o(v) = v**3 - 11*v**2 + 10*v - 4. Let w be o(10). Let j be w/d + (-340)/(-6). What is the highest common divisor of 8 and j?
8
Suppose g - 137 + 27 = -5*c, 3*c + 5*g - 88 = 0. Let u(n) = 7*n - 42. Let b be u(9). What is the greatest common divisor of c and b?
21
Suppose 0 = 6*o - 217 - 35. Calculate the highest common factor of o and 28.
14
Let i be 35/10*(1 + 1). Suppose -4*d = -i*d + 9. Suppose -4*y = d*x - 0*x - 136, 0 = -2*x - 5*y + 100. Calculate the greatest common divisor of 10 and x.
10
Let m(a) = 6*a**2 - a + 3. Let v be m(-3). Suppose -t + v = 4*t - 5*u, t = -3*u + 16. Calculate the highest common factor of 104 and t.
13
Let d(u) = u**2 - u + 2. Let g be d(7). Calculate the greatest common factor of g and 11.
11
Let u be (480/(-50))/(2/(-5)). What is the highest common divisor of u and 24?
24
Let t be ((-24)/(-10) - 0)*-15. Suppose 203 = 4*r + 3*d, -4*r + 206 = -0*d + 2*d. Let i = r + t. Calculate the highest common factor of 136 and i.
17
Suppose 0 = -5*s + u, 3 = -2*s + u - 0*u. Suppose -3*p - 11 - s = 3*m, 0 = -5*p - 10. Let j be (10 - 2) + m + 3. What is the greatest common factor of 27 and j?
9
Suppose 0 = -4*a - 67 + 3. Let i be (-254)/a - (-1)/8. Calculate the greatest common divisor of 16 and i.
16
Let a = -1 + 1. Suppose a = -5*i + 3*i + 24. Let w be (3 + 3)/(2/i). Calculate the highest common divisor of 12 and w.
12
Suppose -67 = -14*h + 45. Calculate the greatest common divisor of h and 40.
8
Let i = 58 - 15. Suppose -i = -3*l - 7. Calculate the greatest common divisor of l and 6.
6
Let s = -7 + 4. Let i = s - -9. Let b be (-21)/(-2) - 9/(-6). Calculate the highest common divisor of i and b.
6
Let u = 3 + 7. Calculate the greatest common factor of u and 4.
2
Let s(a) = a**2 + 14*a - 11. Let g be s(-15). Suppose -5*n = 5*l - 95, n - 2 - 2 = -g*l. What is the greatest common factor of n and 6?
6
Let n = -157 - -164. Calculate the greatest common factor of 77 and n.
7
Let p be 3/(1*(-6)/(-10)). Suppose -p*v = 5*b - 85, v + 2*b = -2*b + 17. Suppose 4*n = v + 39. Calculate the highest common divisor of 21 and n.
7
Let u(c) = -c**3 + 3. Let b be u(0). Suppose 4*d - 196 = 4*l, b*d - 2*l - 15 = 127. Let z = 45 + -23. Calculate the highest common factor of d and z.
22
Let p be 9/(1/(-4)*-3). Let m be 4/6 + (-26)/(-6). Suppose -m*o = -3 - p. Calculate the greatest common factor of o and 24.
3
Suppose 4*u = 5*z + 4, -6*u + 2*u + 4 = 5*z. Let g be 17 + -2 + -2 - u. What is the greatest common factor of 18 and g?
6
Let r = -15 - -29. Suppose -2*i = -2*f + r, 0*f + 5*f - 51 = -3*i. Let n be ((-25)/3)/((-3)/f). What is the highest common divisor of n and 10?
5
Let i(s) = 3*s - 4. Let v be i(5). What is the highest common divisor of v and 11?
11
Let p = -94 - -134. Let t = p + 92. Calculate the highest common factor of 12 and t.
12
Let c = 23 - 15. Let f(x) = x**2 - 8*x - 9. Let m be f(c). Let z = 24 + m. What is the greatest common divisor of z and 105?
15
Suppose -4*m = v - 0*m + 6, 0 = 4*v - m - 10. Suppose 0 = -4*i - v*j + 52, -i = 3*i + j - 52. Let o = i - -5. Calculate the greatest common divisor of 6 and o.
6
Let k be 9/(-6) - 1/2. Let l be (-1 - k) + -7 + 1. Let r(n) = -20*n + 4. Let q be r(l). What is the greatest common factor of 13 and q?
13
Let o be 5 + (-2)/(3 - 2). Suppose 0 = -2*y + o*y - 9. What is the highest common divisor of 99 and y?
9
Suppose 28 + 17 = 4*v - 3*r, -r = -2*v + 21. Suppose 15 + 0 = -3*u. Let q = 13 - u. Calculate the greatest common factor of v and q.
9
Let f(o) = o**2 + 4*o - 7. Let h be -5 + -1 + (-3)/3. Let w be f(h). Let k = 6 + -4. What is the greatest common divisor of w and k?
2
Let g be -5 - -6 - (22 + 1). Let w = g - -110. Calculate the highest common divisor of w and 11.
11
Let c = 12 - 7. Suppose c*x = 2*x + 30. What is the highest common divisor of x and 25?
5
Let m be 2 + (4 + 4)/2. What is the greatest common divisor of 6 and m?
6
Let l(z) = 13*z - 2. Let s be l(7). Let i = s + -63. What is the greatest common divisor of 13 and i?
13
Let j(t) = t**3 + 7*t**2 + 3*t + 2. Let d be j(-6). What is the greatest common factor of 220 and d?
20
Let l be ((-54)/(-4))/((-1)/(-18)). Suppose -112 = -2*w + 4*w. Let r = w + l. Calculate the greatest common factor of r and 17.
17
Let u be 20/6 - (-2)/(-6). Suppose -4*n + 55 = 5*b, -56 = -u*n - 2*n - 2*b. Suppose -196 - 24 = -2*l. Calculate the greatest common divisor of l and n.
10
Let k(z) = -z**3 - 9*z**2 - 7*z + 7. Let u be k(-8). Let p be 47 + (-1 + u)*1. Let o = -24 + 42. Calculate the greatest common divisor of p and o.
9
Suppose w + 5*w - 72 = 0. What is the greatest common factor of w and 60?
12
Let p(z) = 5*z + 1. Let y be p(1). Calculate the highest common factor of y and 6.
6
Let t be 254/5 + 4/(-5). Calculate the highest common divisor of 400 and t.
50
Let g be 160/25 - 2/5. Let u = -2 - -2. Suppose 2*t - 46 = -0*y + 5*y, t - 5*y - 28 = u. What is the highest common divisor of g and t?
6
Let l = -50 + 62. Let a(y) be the second derivative of y**4/6 + 2*y**3/3 + 3*y**2 + y. Let p be a(7). Calculate the highest common divisor 